alculate the remainder when 14854 is divided by 7424.
6
Calculate the remainder when 20617 is divided by 19.
2
Calculate the remainder when 2692 is divided by 68.
40
What is the remainder when 826 is divided by 414?
412
Calculate the remainder when 5513 is divided by 1376.
9
Calculate the remainder when 50686 is divided by 42.
34
What is the remainder when 10203 is divided by 883?
490
Calculate the remainder when 37404 is divided by 42.
24
What is the remainder when 17725 is divided by 19?
17
What is the remainder when 114571 is divided by 33?
28
Calculate the remainder when 18238 is divided by 605.
88
Calculate the remainder when 1298 is divided by 1288.
10
Calculate the remainder when 11505 is divided by 192.
177
Calculate the remainder when 7284 is divided by 2386.
126
What is the remainder when 229127 is divided by 55?
52
Calculate the remainder when 2738 is divided by 890.
68
Calculate the remainder when 73148 is divided by 653.
12
What is the remainder when 72314 is divided by 9039?
2
Calculate the remainder when 25388 is divided by 273.
272
Calculate the remainder when 53594 is divided by 455.
359
What is the remainder when 255181 is divided by 656?
653
What is the remainder when 10039 is divided by 287?
281
Calculate the remainder when 49777 is divided by 2928.
1
Calculate the remainder when 4549 is divided by 541.
221
Calculate the remainder when 25848 is divided by 8614.
6
Calculate the remainder when 1428794 is divided by 389.
386
What is the remainder when 70372 is divided by 152?
148
What is the remainder when 92557 is divided by 65?
62
Calculate the remainder when 2020 is divided by 62.
36
Calculate the remainder when 1049 is divided by 494.
61
What is the remainder when 76231 is divided by 1259?
691
What is the remainder when 7582 is divided by 176?
14
What is the remainder when 1313358 is divided by 189?
186
Calculate the remainder when 18945 is divided by 4702.
137
Calculate the remainder when 13134 is divided by 28.
2
What is the remainder when 120245 is divided by 213?
113
What is the remainder when 21897 is divided by 15?
12
What is the remainder when 4228 is divided by 1302?
322
What is the remainder when 153388 is divided by 76694?
0
Calculate the remainder when 31165 is divided by 128.
61
Calculate the remainder when 50904 is divided by 387.
207
Calculate the remainder when 834 is divided by 31.
28
Calculate the remainder when 2456 is divided by 1184.
88
What is the remainder when 484700 is divided by 514?
512
What is the remainder when 400 is divided by 316?
84
Calculate the remainder when 2539 is divided by 206.
67
Calculate the remainder when 55335 is divided by 11065.
10
Calculate the remainder when 13246 is divided by 264.
46
What is the remainder when 60701 is divided by 478?
473
What is the remainder when 349502 is divided by 508?
506
What is the remainder when 12638 is divided by 574?
10
Calculate the remainder when 10230 is divided by 10171.
59
What is the remainder when 2016 is divided by 1030?
986
What is the remainder when 18181 is divided by 28?
9
What is the remainder when 1458 is divided by 196?
86
What is the remainder when 12379 is divided by 129?
124
What is the remainder when 9059 is divided by 232?
11
What is the remainder when 4993 is divided by 11?
10
What is the remainder when 15628 is divided by 15?
13
Calculate the remainder when 4607 is divided by 661.
641
Calculate the remainder when 37592 is divided by 1500.
92
What is the remainder when 5073 is divided by 1012?
13
Calculate the remainder when 186109 is divided by 22.
11
Calculate the remainder when 1018844 is divided by 63.
8
What is the remainder when 290456 is divided by 13202?
12
What is the remainder when 457 is divided by 203?
51
What is the remainder when 1229757 is divided by 160?
157
Calculate the remainder when 13438 is divided by 151.
150
What is the remainder when 2660 is divided by 2571?
89
Calculate the remainder when 10989 is divided by 398.
243
Calculate the remainder when 2657 is divided by 452.
397
What is the remainder when 5806 is divided by 2417?
972
Calculate the remainder when 48825 is divided by 157.
155
What is the remainder when 409956 is divided by 370?
366
Calculate the remainder when 13479 is divided by 233.
198
What is the remainder when 45858 is divided by 5729?
26
What is the remainder when 44344 is divided by 38?
36
Calculate the remainder when 14619 is divided by 7299.
21
What is the remainder when 11498 is divided by 957?
14
What is the remainder when 21863 is divided by 1789?
395
Calculate the remainder when 13279 is divided by 16.
15
What is the remainder when 3553 is divided by 396?
385
Calculate the remainder when 306 is divided by 38.
2
What is the remainder when 7168 is divided by 79?
58
Calculate the remainder when 25590 is divided by 366.
336
Calculate the remainder when 82333 is divided by 27368.
229
What is the remainder when 3928 is divided by 1239?
211
What is the remainder when 25018 is divided by 218?
166
Calculate the remainder when 150931 is divided by 1237.
17
Calculate the remainder when 4783 is divided by 206.
45
Calculate the remainder when 122542 is divided by 23.
21
Calculate the remainder when 1679869 is divided by 839930.
9
Calculate the remainder when 15346 is divided by 1096.
2
What is the remainder when 49641 is divided by 24735?
171
Calculate the remainder when 18438 is divided by 169.
17
Calculate the remainder when 2516657 is divided by 5.
2
Calculate the remainder when 118401 is divided by 1196.
1193
What is the remainder when 5014 is divided by 2379?
256
Calculate the remainder when 119639 is divided by 10.
9
Calculate the remainder when 27500 is divided by 72.
68
What is the remainder when 24671 is divided by 12321?
29
Calculate the remainder when 32709 is divided by 79.
3
Calculate the remainder when 8963 is divided by 31.
4
What is the remainder when 523941 is divided by 76?
73
Calculate the remainder when 3086 is divided by 605.
61
Calculate the remainder when 32600 is divided by 22.
18
What is the remainder when 59360 is divided by 383?
378
Calculate the remainder when 132043 is divided by 26408.
3
Calculate the remainder when 50702 is divided by 25347.
8
What is the remainder when 29041 is divided by 1320?
1
What is the remainder when 10667 is divided by 5332?
3
What is the remainder when 88914 is divided by 1011?
957
What is the remainder when 4074 is divided by 172?
118
Calculate the remainder when 763 is divided by 27.
7
Calculate the remainder when 307699 is divided by 102564.
7
What is the remainder when 2609 is divided by 588?
257
Calculate the remainder when 38419 is divided by 9585.
79
Calculate the remainder when 8109 is divided by 1150.
59
Calculate the remainder when 400 is divided by 131.
7
Calculate the remainder when 151 is divided by 30.
1
Calculate the remainder when 1421501 is divided by 448.
445
What is the remainder when 3066 is divided by 763?
14
Calculate the remainder when 12301 is divided by 4094.
19
What is the remainder when 43828 is divided by 654?
10
What is the remainder when 2060548 is divided by 45?
43
What is the remainder when 1863580 is divided by 207063?
13
Calculate the remainder when 2780 is divided by 126.
8
Calculate the remainder when 4382 is divided by 569.
399
Calculate the remainder when 628 is divided by 69.
7
What is the remainder when 80326 is divided by 12?
10
Calculate the remainder when 27174 is divided by 221.
212
What is the remainder when 109978 is divided by 313?
115
What is the remainder when 65392 is divided by 425?
367
Calculate the remainder when 275166 is divided by 16.
14
Calculate the remainder when 4922 is divided by 1230.
2
Calculate the remainder when 23384 is divided by 371.
11
What is the remainder when 27800 is divided by 12?
8
What is the remainder when 53061 is divided by 47?
45
What is the remainder when 137 is divided by 55?
27
Calculate the remainder when 136933 is divided by 114.
19
Calculate the remainder when 16346 is divided by 24.
2
What is the remainder when 35907 is divided by 63?
60
Calculate the remainder when 3512 is divided by 229.
77
Calculate the remainder when 5481 is divided by 248.
25
What is the remainder when 2469647 is divided by 43?
28
What is the remainder when 41521 is divided